{"id":245,"date":"2023-04-29T07:16:04","date_gmt":"2023-04-29T05:16:04","guid":{"rendered":"http:\/\/vanessasimon-sagefemme.com\/?page_id=245"},"modified":"2023-06-08T22:28:11","modified_gmt":"2023-06-08T20:28:11","slug":"presentation","status":"publish","type":"page","link":"https:\/\/vanessasimon-sagefemme.com\/index.php\/presentation\/","title":{"rendered":"Pr\u00e9sentation"},"content":{"rendered":"\n<p>N\u00e9e en 1986, j&#8217;ai toujours \u00e9t\u00e9 passionn\u00e9e par les grossesses, l&#8217;aspect miraculeux et pr\u00e9cieux de la vie et du corps de la femme si puissant et myst\u00e9rieux. <\/p>\n\n\n\n<p>Diplom\u00e9e sage-femme de l&#8217;universit\u00e9 de Nantes en 2009, j&#8217;ai d&#8217;abord travaill\u00e9 comme hospitali\u00e8re dans plusieurs h\u00f4pitaux (et 10 ans 1\/2 \u00e0 l&#8217;h\u00f4pital de Redon), avant de me diriger vers l&#8217;activit\u00e9 lib\u00e9rale. Mes choix ont \u00e9t\u00e9 avant tout guid\u00e9s dans un but: respecter l&#8217;intimit\u00e9 et l&#8217;individualit\u00e9 de chaque exp\u00e9rience de grossesse et d&#8217;accouchement avec bienveillance, en accompagnant positivement, valorisant, stimulant la confiance des personnes que j&#8217;accompagne : confiance dans leur corps, dans l&#8217;aspect normal de la grossesse et de la naissance . C&#8217;est ainsi que accompagner les femmes \/ les couples tout au long de leur parcours de vie m&#8217;est apparu comme une suite logique de mon parcours.<\/p>\n\n\n\n<p>Afin de mieux vous accompagner, j&#8217;ai d\u00e9velopp\u00e9 des comp\u00e9tences dans d&#8217;autres domaines: conseill\u00e8re en portage depuis 2016, j&#8217;ai obtenu un DIULHAM en 2021 ( dipl\u00f4me d&#8217;un an de sp\u00e9cialisation sur l&#8217;allaitement maternel), et suit en capacit\u00e9 d&#8217;effectuer de l&#8217;ost\u00e9opathie pour soulager m\u00e8re et b\u00e9b\u00e9 en post-natal (formations en 2018 et 2020), tout en ayant d\u00e9velopp\u00e9 d&#8217;autres aspects (sophrologie, m\u00e9thode de Gasquet et Bonapace, rebozzo, techniques de r\u00e9\u00e9ducation manuelle et 5p).<\/p>\n\n\n\n<p>En parall\u00e8le, j&#8217;ai eu 3 enfants. Mon premier-n\u00e9 Gabriel m&#8217;a accompagn\u00e9 dans une exp\u00e9rience puissante et intense, entrem\u00eal\u00e9e de la douceur d&#8217;une sage-femme Aude, qui m&#8217;a r\u00e9v\u00e9l\u00e9e \u00e0 quel point la vie sait y faire, de fa\u00e7on simple et pure. Mon deuxi\u00e8me et mon troisi\u00e8me fils sont n\u00e9s \u00e0 la maison, comme une suite logique de cette confiance en mon corps, en mes b\u00e9b\u00e9s. J&#8217;ai eu la chance de vivre des grossesses simples et d&#8217;avoir cette possibilit\u00e9 de mettre au monde mes enfants o\u00f9 je le souhaitais et en remercie la vie, et aussi Bernadette, la sage-femme qui m&#8217;a accompagn\u00e9e dans mes deux derni\u00e8res grossesses.<\/p>\n\n\n\n<p>Aussi, c&#8217;est avec mon savoir, ma personnalit\u00e9, mon \u00e9coute, et mon perfectionnisme, que je souhaite vous accompagner, vous soutenir ou vous conseiller dans toutes ces \u00e9tapes de la vie d&#8217;une femme.<\/p>\n\n\n\n<p><\/p>\n\n\n\n<p><\/p>\n\n\n\n<p><em>Mon parcours professionnel :<\/em><\/p>\n\n\n\n<ul class=\"wp-block-list\">\n<li>Dipl\u00f4me de sage-femme de l&#8217;universit\u00e9 de Nantes 2009<\/li>\n\n\n\n<li>Sage-femme \u00e0 la Clinique Jules Verne (Nantes) 2009<\/li>\n\n\n\n<li>Sage-femme \u00e0 la Maternit\u00e9 de Cholet 2010<\/li>\n\n\n\n<li>Sage-femme \u00e0 la Maternit\u00e9 de Redon 2010 \u00e0 2021<\/li>\n\n\n\n<li>Sage-femme lib\u00e9rale au cabinet du Pellerin 2022-2023<\/li>\n<\/ul>\n\n\n\n<p><em>Mes formations :<\/em><\/p>\n\n\n\n<ul class=\"wp-block-list\">\n<li>conseill\u00e8re en portage de b\u00e9b\u00e9 &#8211; certifi\u00e9e en 2016<\/li>\n\n\n\n<li>formation en gyn\u00e9cologie de pr\u00e9vention et contraception en 2017<\/li>\n\n\n\n<li>formation ost\u00e9opathie appliqu\u00e9e \u00e0 la grossesse et au nouveau -n\u00e9 1er et 2\u00e8me niveau 2019-2021<\/li>\n\n\n\n<li>formation Karine La sage-femme &#8211; naissance quantique 2019<\/li>\n\n\n\n<li>Formation r\u00e9animation n\u00e9onatale 2019<\/li>\n\n\n\n<li>Dipl\u00f4me Interuniversitaire de Lactation Humaine et Allaitement Maternel 2021<\/li>\n\n\n\n<li>Formation r\u00e9\u00e9ducation p\u00e9rin\u00e9ale 2022 (m\u00e9thode log surf)<\/li>\n\n\n\n<li>Formation pleurs et sommeil 2022<\/li>\n<\/ul>\n\n\n\n<p><\/p>\n","protected":false},"excerpt":{"rendered":"<p>N\u00e9e en 1986, j&#8217;ai toujours \u00e9t\u00e9 passionn\u00e9e par les grossesses, l&#8217;aspect miraculeux et pr\u00e9cieux de la vie et du corps de la femme si puissant &hellip; <\/p>\n","protected":false},"author":1,"featured_media":0,"parent":0,"menu_order":0,"comment_status":"closed","ping_status":"closed","template":"","meta":{"footnotes":""},"class_list":["post-245","page","type-page","status-publish","hentry"],"yoast_head":"<!-- This site is optimized with the Yoast SEO plugin v20.9 - https:\/\/yoast.com\/wordpress\/plugins\/seo\/ -->\n<title>Pr\u00e9sentation - Vanessa SIMON<\/title>\n<meta name=\"robots\" content=\"index, follow, max-snippet:-1, max-image-preview:large, max-video-preview:-1\" \/>\n<link rel=\"canonical\" href=\"https:\/\/vanessasimon-sagefemme.com\/index.php\/presentation\/\" \/>\n<meta property=\"og:locale\" content=\"en_US\" \/>\n<meta property=\"og:type\" content=\"article\" \/>\n<meta property=\"og:title\" content=\"Pr\u00e9sentation - Vanessa SIMON\" \/>\n<meta property=\"og:description\" content=\"N\u00e9e en 1986, j&#8217;ai toujours \u00e9t\u00e9 passionn\u00e9e par les grossesses, l&#8217;aspect miraculeux et pr\u00e9cieux de la vie et du corps de la femme si puissant &hellip;\" \/>\n<meta property=\"og:url\" content=\"https:\/\/vanessasimon-sagefemme.com\/index.php\/presentation\/\" \/>\n<meta property=\"og:site_name\" content=\"Vanessa SIMON\" \/>\n<meta property=\"article:modified_time\" content=\"2023-06-08T20:28:11+00:00\" \/>\n<meta name=\"twitter:card\" content=\"summary_large_image\" \/>\n<meta name=\"twitter:label1\" content=\"Est. reading time\" \/>\n\t<meta name=\"twitter:data1\" content=\"3 minutes\" \/>\n<script type=\"application\/ld+json\" class=\"yoast-schema-graph\">{\"@context\":\"https:\/\/schema.org\",\"@graph\":[{\"@type\":\"WebPage\",\"@id\":\"https:\/\/vanessasimon-sagefemme.com\/index.php\/presentation\/\",\"url\":\"https:\/\/vanessasimon-sagefemme.com\/index.php\/presentation\/\",\"name\":\"Pr\u00e9sentation - Vanessa SIMON\",\"isPartOf\":{\"@id\":\"https:\/\/vanessasimon-sagefemme.com\/#website\"},\"datePublished\":\"2023-04-29T05:16:04+00:00\",\"dateModified\":\"2023-06-08T20:28:11+00:00\",\"breadcrumb\":{\"@id\":\"https:\/\/vanessasimon-sagefemme.com\/index.php\/presentation\/#breadcrumb\"},\"inLanguage\":\"en-US\",\"potentialAction\":[{\"@type\":\"ReadAction\",\"target\":[\"https:\/\/vanessasimon-sagefemme.com\/index.php\/presentation\/\"]}]},{\"@type\":\"BreadcrumbList\",\"@id\":\"https:\/\/vanessasimon-sagefemme.com\/index.php\/presentation\/#breadcrumb\",\"itemListElement\":[{\"@type\":\"ListItem\",\"position\":1,\"name\":\"Accueil\",\"item\":\"https:\/\/vanessasimon-sagefemme.com\/\"},{\"@type\":\"ListItem\",\"position\":2,\"name\":\"Pr\u00e9sentation\"}]},{\"@type\":\"WebSite\",\"@id\":\"https:\/\/vanessasimon-sagefemme.com\/#website\",\"url\":\"https:\/\/vanessasimon-sagefemme.com\/\",\"name\":\"Vanessa SIMON\",\"description\":\"Sage-Femme\",\"publisher\":{\"@id\":\"https:\/\/vanessasimon-sagefemme.com\/#organization\"},\"potentialAction\":[{\"@type\":\"SearchAction\",\"target\":{\"@type\":\"EntryPoint\",\"urlTemplate\":\"https:\/\/vanessasimon-sagefemme.com\/?s={search_term_string}\"},\"query-input\":\"required name=search_term_string\"}],\"inLanguage\":\"en-US\"},{\"@type\":\"Organization\",\"@id\":\"https:\/\/vanessasimon-sagefemme.com\/#organization\",\"name\":\"Vanessa SIMON\",\"url\":\"https:\/\/vanessasimon-sagefemme.com\/\",\"logo\":{\"@type\":\"ImageObject\",\"inLanguage\":\"en-US\",\"@id\":\"https:\/\/vanessasimon-sagefemme.com\/#\/schema\/logo\/image\/\",\"url\":\"https:\/\/vanessasimon-sagefemme.com\/wp-content\/uploads\/2023\/04\/cropped-cropped-logo-site-internet-2.png\",\"contentUrl\":\"https:\/\/vanessasimon-sagefemme.com\/wp-content\/uploads\/2023\/04\/cropped-cropped-logo-site-internet-2.png\",\"width\":109,\"height\":195,\"caption\":\"Vanessa SIMON\"},\"image\":{\"@id\":\"https:\/\/vanessasimon-sagefemme.com\/#\/schema\/logo\/image\/\"}}]}<\/script>\n<!-- \/ Yoast SEO plugin. -->","yoast_head_json":{"title":"Pr\u00e9sentation - Vanessa SIMON","robots":{"index":"index","follow":"follow","max-snippet":"max-snippet:-1","max-image-preview":"max-image-preview:large","max-video-preview":"max-video-preview:-1"},"canonical":"https:\/\/vanessasimon-sagefemme.com\/index.php\/presentation\/","og_locale":"en_US","og_type":"article","og_title":"Pr\u00e9sentation - Vanessa SIMON","og_description":"N\u00e9e en 1986, j&#8217;ai toujours \u00e9t\u00e9 passionn\u00e9e par les grossesses, l&#8217;aspect miraculeux et pr\u00e9cieux de la vie et du corps de la femme si puissant &hellip;","og_url":"https:\/\/vanessasimon-sagefemme.com\/index.php\/presentation\/","og_site_name":"Vanessa SIMON","article_modified_time":"2023-06-08T20:28:11+00:00","twitter_card":"summary_large_image","twitter_misc":{"Est. reading time":"3 minutes"},"schema":{"@context":"https:\/\/schema.org","@graph":[{"@type":"WebPage","@id":"https:\/\/vanessasimon-sagefemme.com\/index.php\/presentation\/","url":"https:\/\/vanessasimon-sagefemme.com\/index.php\/presentation\/","name":"Pr\u00e9sentation - Vanessa SIMON","isPartOf":{"@id":"https:\/\/vanessasimon-sagefemme.com\/#website"},"datePublished":"2023-04-29T05:16:04+00:00","dateModified":"2023-06-08T20:28:11+00:00","breadcrumb":{"@id":"https:\/\/vanessasimon-sagefemme.com\/index.php\/presentation\/#breadcrumb"},"inLanguage":"en-US","potentialAction":[{"@type":"ReadAction","target":["https:\/\/vanessasimon-sagefemme.com\/index.php\/presentation\/"]}]},{"@type":"BreadcrumbList","@id":"https:\/\/vanessasimon-sagefemme.com\/index.php\/presentation\/#breadcrumb","itemListElement":[{"@type":"ListItem","position":1,"name":"Accueil","item":"https:\/\/vanessasimon-sagefemme.com\/"},{"@type":"ListItem","position":2,"name":"Pr\u00e9sentation"}]},{"@type":"WebSite","@id":"https:\/\/vanessasimon-sagefemme.com\/#website","url":"https:\/\/vanessasimon-sagefemme.com\/","name":"Vanessa SIMON","description":"Sage-Femme","publisher":{"@id":"https:\/\/vanessasimon-sagefemme.com\/#organization"},"potentialAction":[{"@type":"SearchAction","target":{"@type":"EntryPoint","urlTemplate":"https:\/\/vanessasimon-sagefemme.com\/?s={search_term_string}"},"query-input":"required name=search_term_string"}],"inLanguage":"en-US"},{"@type":"Organization","@id":"https:\/\/vanessasimon-sagefemme.com\/#organization","name":"Vanessa SIMON","url":"https:\/\/vanessasimon-sagefemme.com\/","logo":{"@type":"ImageObject","inLanguage":"en-US","@id":"https:\/\/vanessasimon-sagefemme.com\/#\/schema\/logo\/image\/","url":"https:\/\/vanessasimon-sagefemme.com\/wp-content\/uploads\/2023\/04\/cropped-cropped-logo-site-internet-2.png","contentUrl":"https:\/\/vanessasimon-sagefemme.com\/wp-content\/uploads\/2023\/04\/cropped-cropped-logo-site-internet-2.png","width":109,"height":195,"caption":"Vanessa SIMON"},"image":{"@id":"https:\/\/vanessasimon-sagefemme.com\/#\/schema\/logo\/image\/"}}]}},"_links":{"self":[{"href":"https:\/\/vanessasimon-sagefemme.com\/index.php\/wp-json\/wp\/v2\/pages\/245","targetHints":{"allow":["GET"]}}],"collection":[{"href":"https:\/\/vanessasimon-sagefemme.com\/index.php\/wp-json\/wp\/v2\/pages"}],"about":[{"href":"https:\/\/vanessasimon-sagefemme.com\/index.php\/wp-json\/wp\/v2\/types\/page"}],"author":[{"embeddable":true,"href":"https:\/\/vanessasimon-sagefemme.com\/index.php\/wp-json\/wp\/v2\/users\/1"}],"replies":[{"embeddable":true,"href":"https:\/\/vanessasimon-sagefemme.com\/index.php\/wp-json\/wp\/v2\/comments?post=245"}],"version-history":[{"count":8,"href":"https:\/\/vanessasimon-sagefemme.com\/index.php\/wp-json\/wp\/v2\/pages\/245\/revisions"}],"predecessor-version":[{"id":647,"href":"https:\/\/vanessasimon-sagefemme.com\/index.php\/wp-json\/wp\/v2\/pages\/245\/revisions\/647"}],"wp:attachment":[{"href":"https:\/\/vanessasimon-sagefemme.com\/index.php\/wp-json\/wp\/v2\/media?parent=245"}],"curies":[{"name":"wp","href":"https:\/\/api.w.org\/{rel}","templated":true}]}}