{"id":229,"date":"2023-04-29T06:30:56","date_gmt":"2023-04-29T04:30:56","guid":{"rendered":"http:\/\/vanessasimon-sagefemme.com\/?page_id=229"},"modified":"2023-05-25T07:15:45","modified_gmt":"2023-05-25T05:15:45","slug":"suivi-a-domicile","status":"publish","type":"page","link":"https:\/\/vanessasimon-sagefemme.com\/index.php\/suivi-a-domicile\/","title":{"rendered":"Suivi \u00e0 domicile"},"content":{"rendered":"\n<p>Aussi appel\u00e9 PRADO Programme de Retour Accompagn\u00e9 \u00e0 Domicile, ce suivi permet un passage au domicile de la maman \u00e0 partir du lendemain de sa sortie d&#8217;h\u00f4pital, et jusqu&#8217;\u00e0 12 jours de vie de l&#8217;enfant. Ces visites, prises en charge par la s\u00e9curit\u00e9 sociale, permettent:<\/p>\n\n\n\n<ul class=\"wp-block-list\">\n<li>donner des conseils concernant l&#8217;alimentation, les pleurs, les soins des touts-petits. Non didactifs, ceux-ci sont des propositions individualis\u00e9es, chaque parent\/couple ayant sa propre libert\u00e9 d&#8217;expression et d&#8217;\u00e9ducation future de son enfant.<\/li>\n\n\n\n<li>de donner des conseils aux jeunes mamans pour se remettre de la naissance, physiquement et \u00e9motionnellement.<\/li>\n\n\n\n<li>de soutenir et aider l&#8217;installation de l&#8217;allaitement. L&#8217;allaitement est la base de l&#8217;alimentation du b\u00e9b\u00e9, mais parfois sa mise en place demande des ajustements entre la m\u00e8re et l&#8217;enfant. Etre soutenue, encourag\u00e9e, conseill\u00e9e est un bon atout pour vivre un allaitement \u00e9panoui et r\u00e9ussi.<\/li>\n\n\n\n<li>examiner et peser l&#8217;enfant, s&#8217;assurer de sa bonne adaptation. Outre l&#8217;aspect m\u00e9dical, c&#8217;est l&#8217;occasion pour vous de d\u00e9couvrir les comp\u00e9tences de votre enfant \u00e0 travers le regard d&#8217;un professionnel, afin de mieux comprendre ses besoins et capacit\u00e9s et pouvoir d\u00e9velopper une communication plus facile au quotidien.<\/li>\n\n\n\n<li>r\u00e9pondre aux interrogations du conjoint (e), valoriser la confiance des parents dans leur tout-petit et leur facult\u00e9 \u00e0 s&#8217;adapter \u00e0 ses besoins.<\/li>\n<\/ul>\n\n\n\n<p>PRADO pr\u00e9coce? C&#8217;est une sortie avant 72h pour une maman accouch\u00e9e ou avant 96h pour une maman ayant eu une c\u00e9sarienne. Ce prado pr\u00e9coce n&#8217;est possible que si la sage-femme a d\u00e9j\u00e0 eu un premier contact avec la future m\u00e8re au cours de la grossesse.<\/p>\n\n\n\n<p>Apr\u00e8s ces 12 jours, la m\u00e8re et le b\u00e9b\u00e9 peuvent venir en consultation au cabinet 1 fois par semaine le premier mois. Nous surveillons l&#8217;\u00e9volution du b\u00e9b\u00e9, sa prise de poids, son comportement, sa mobilisation, le confort de l&#8217;allaitement&#8230;<\/p>\n\n\n\n<p>Il est recommand\u00e9 une visite m\u00e9dicale (p\u00e9diatre ou m\u00e9decin traitant) \u00e0 15j et \u00e0 1mois de vie de l&#8217;enfant. Ensuite l&#8217;enfant peut \u00eatre revu une fois par mois par ce m\u00e9decin.<\/p>\n","protected":false},"excerpt":{"rendered":"<p>Aussi appel\u00e9 PRADO Programme de Retour Accompagn\u00e9 \u00e0 Domicile, ce suivi permet un passage au domicile de la maman \u00e0 partir du lendemain de sa &hellip; <\/p>\n","protected":false},"author":1,"featured_media":253,"parent":0,"menu_order":0,"comment_status":"closed","ping_status":"closed","template":"","meta":{"footnotes":""},"class_list":["post-229","page","type-page","status-publish","has-post-thumbnail","hentry"],"yoast_head":"<!-- This site is optimized with the Yoast SEO plugin v20.9 - https:\/\/yoast.com\/wordpress\/plugins\/seo\/ -->\n<title>Suivi \u00e0 domicile - Vanessa SIMON<\/title>\n<meta name=\"robots\" content=\"index, follow, max-snippet:-1, max-image-preview:large, max-video-preview:-1\" \/>\n<link rel=\"canonical\" href=\"https:\/\/vanessasimon-sagefemme.com\/index.php\/suivi-a-domicile\/\" \/>\n<meta property=\"og:locale\" content=\"en_US\" \/>\n<meta property=\"og:type\" content=\"article\" \/>\n<meta property=\"og:title\" content=\"Suivi \u00e0 domicile - Vanessa SIMON\" \/>\n<meta property=\"og:description\" content=\"Aussi appel\u00e9 PRADO Programme de Retour Accompagn\u00e9 \u00e0 Domicile, ce suivi permet un passage au domicile de la maman \u00e0 partir du lendemain de sa &hellip;\" \/>\n<meta property=\"og:url\" content=\"https:\/\/vanessasimon-sagefemme.com\/index.php\/suivi-a-domicile\/\" \/>\n<meta property=\"og:site_name\" content=\"Vanessa SIMON\" \/>\n<meta property=\"article:modified_time\" content=\"2023-05-25T05:15:45+00:00\" \/>\n<meta property=\"og:image\" content=\"https:\/\/vanessasimon-sagefemme.com\/wp-content\/uploads\/2023\/04\/mother-1866621_1920-e1682747736947.jpg\" \/>\n\t<meta property=\"og:image:width\" content=\"1920\" \/>\n\t<meta property=\"og:image:height\" content=\"988\" \/>\n\t<meta property=\"og:image:type\" content=\"image\/jpeg\" \/>\n<meta name=\"twitter:card\" content=\"summary_large_image\" \/>\n<meta name=\"twitter:label1\" content=\"Est. reading time\" \/>\n\t<meta name=\"twitter:data1\" content=\"2 minutes\" \/>\n<script type=\"application\/ld+json\" class=\"yoast-schema-graph\">{\"@context\":\"https:\/\/schema.org\",\"@graph\":[{\"@type\":\"WebPage\",\"@id\":\"https:\/\/vanessasimon-sagefemme.com\/index.php\/suivi-a-domicile\/\",\"url\":\"https:\/\/vanessasimon-sagefemme.com\/index.php\/suivi-a-domicile\/\",\"name\":\"Suivi \u00e0 domicile - Vanessa SIMON\",\"isPartOf\":{\"@id\":\"https:\/\/vanessasimon-sagefemme.com\/#website\"},\"datePublished\":\"2023-04-29T04:30:56+00:00\",\"dateModified\":\"2023-05-25T05:15:45+00:00\",\"breadcrumb\":{\"@id\":\"https:\/\/vanessasimon-sagefemme.com\/index.php\/suivi-a-domicile\/#breadcrumb\"},\"inLanguage\":\"en-US\",\"potentialAction\":[{\"@type\":\"ReadAction\",\"target\":[\"https:\/\/vanessasimon-sagefemme.com\/index.php\/suivi-a-domicile\/\"]}]},{\"@type\":\"BreadcrumbList\",\"@id\":\"https:\/\/vanessasimon-sagefemme.com\/index.php\/suivi-a-domicile\/#breadcrumb\",\"itemListElement\":[{\"@type\":\"ListItem\",\"position\":1,\"name\":\"Accueil\",\"item\":\"https:\/\/vanessasimon-sagefemme.com\/\"},{\"@type\":\"ListItem\",\"position\":2,\"name\":\"Suivi \u00e0 domicile\"}]},{\"@type\":\"WebSite\",\"@id\":\"https:\/\/vanessasimon-sagefemme.com\/#website\",\"url\":\"https:\/\/vanessasimon-sagefemme.com\/\",\"name\":\"Vanessa SIMON\",\"description\":\"Sage-Femme\",\"publisher\":{\"@id\":\"https:\/\/vanessasimon-sagefemme.com\/#organization\"},\"potentialAction\":[{\"@type\":\"SearchAction\",\"target\":{\"@type\":\"EntryPoint\",\"urlTemplate\":\"https:\/\/vanessasimon-sagefemme.com\/?s={search_term_string}\"},\"query-input\":\"required name=search_term_string\"}],\"inLanguage\":\"en-US\"},{\"@type\":\"Organization\",\"@id\":\"https:\/\/vanessasimon-sagefemme.com\/#organization\",\"name\":\"Vanessa SIMON\",\"url\":\"https:\/\/vanessasimon-sagefemme.com\/\",\"logo\":{\"@type\":\"ImageObject\",\"inLanguage\":\"en-US\",\"@id\":\"https:\/\/vanessasimon-sagefemme.com\/#\/schema\/logo\/image\/\",\"url\":\"https:\/\/vanessasimon-sagefemme.com\/wp-content\/uploads\/2023\/04\/cropped-cropped-logo-site-internet-2.png\",\"contentUrl\":\"https:\/\/vanessasimon-sagefemme.com\/wp-content\/uploads\/2023\/04\/cropped-cropped-logo-site-internet-2.png\",\"width\":109,\"height\":195,\"caption\":\"Vanessa SIMON\"},\"image\":{\"@id\":\"https:\/\/vanessasimon-sagefemme.com\/#\/schema\/logo\/image\/\"}}]}<\/script>\n<!-- \/ Yoast SEO plugin. -->","yoast_head_json":{"title":"Suivi \u00e0 domicile - Vanessa SIMON","robots":{"index":"index","follow":"follow","max-snippet":"max-snippet:-1","max-image-preview":"max-image-preview:large","max-video-preview":"max-video-preview:-1"},"canonical":"https:\/\/vanessasimon-sagefemme.com\/index.php\/suivi-a-domicile\/","og_locale":"en_US","og_type":"article","og_title":"Suivi \u00e0 domicile - Vanessa SIMON","og_description":"Aussi appel\u00e9 PRADO Programme de Retour Accompagn\u00e9 \u00e0 Domicile, ce suivi permet un passage au domicile de la maman \u00e0 partir du lendemain de sa &hellip;","og_url":"https:\/\/vanessasimon-sagefemme.com\/index.php\/suivi-a-domicile\/","og_site_name":"Vanessa SIMON","article_modified_time":"2023-05-25T05:15:45+00:00","og_image":[{"width":1920,"height":988,"url":"https:\/\/vanessasimon-sagefemme.com\/wp-content\/uploads\/2023\/04\/mother-1866621_1920-e1682747736947.jpg","type":"image\/jpeg"}],"twitter_card":"summary_large_image","twitter_misc":{"Est. reading time":"2 minutes"},"schema":{"@context":"https:\/\/schema.org","@graph":[{"@type":"WebPage","@id":"https:\/\/vanessasimon-sagefemme.com\/index.php\/suivi-a-domicile\/","url":"https:\/\/vanessasimon-sagefemme.com\/index.php\/suivi-a-domicile\/","name":"Suivi \u00e0 domicile - Vanessa SIMON","isPartOf":{"@id":"https:\/\/vanessasimon-sagefemme.com\/#website"},"datePublished":"2023-04-29T04:30:56+00:00","dateModified":"2023-05-25T05:15:45+00:00","breadcrumb":{"@id":"https:\/\/vanessasimon-sagefemme.com\/index.php\/suivi-a-domicile\/#breadcrumb"},"inLanguage":"en-US","potentialAction":[{"@type":"ReadAction","target":["https:\/\/vanessasimon-sagefemme.com\/index.php\/suivi-a-domicile\/"]}]},{"@type":"BreadcrumbList","@id":"https:\/\/vanessasimon-sagefemme.com\/index.php\/suivi-a-domicile\/#breadcrumb","itemListElement":[{"@type":"ListItem","position":1,"name":"Accueil","item":"https:\/\/vanessasimon-sagefemme.com\/"},{"@type":"ListItem","position":2,"name":"Suivi \u00e0 domicile"}]},{"@type":"WebSite","@id":"https:\/\/vanessasimon-sagefemme.com\/#website","url":"https:\/\/vanessasimon-sagefemme.com\/","name":"Vanessa SIMON","description":"Sage-Femme","publisher":{"@id":"https:\/\/vanessasimon-sagefemme.com\/#organization"},"potentialAction":[{"@type":"SearchAction","target":{"@type":"EntryPoint","urlTemplate":"https:\/\/vanessasimon-sagefemme.com\/?s={search_term_string}"},"query-input":"required name=search_term_string"}],"inLanguage":"en-US"},{"@type":"Organization","@id":"https:\/\/vanessasimon-sagefemme.com\/#organization","name":"Vanessa SIMON","url":"https:\/\/vanessasimon-sagefemme.com\/","logo":{"@type":"ImageObject","inLanguage":"en-US","@id":"https:\/\/vanessasimon-sagefemme.com\/#\/schema\/logo\/image\/","url":"https:\/\/vanessasimon-sagefemme.com\/wp-content\/uploads\/2023\/04\/cropped-cropped-logo-site-internet-2.png","contentUrl":"https:\/\/vanessasimon-sagefemme.com\/wp-content\/uploads\/2023\/04\/cropped-cropped-logo-site-internet-2.png","width":109,"height":195,"caption":"Vanessa SIMON"},"image":{"@id":"https:\/\/vanessasimon-sagefemme.com\/#\/schema\/logo\/image\/"}}]}},"_links":{"self":[{"href":"https:\/\/vanessasimon-sagefemme.com\/index.php\/wp-json\/wp\/v2\/pages\/229","targetHints":{"allow":["GET"]}}],"collection":[{"href":"https:\/\/vanessasimon-sagefemme.com\/index.php\/wp-json\/wp\/v2\/pages"}],"about":[{"href":"https:\/\/vanessasimon-sagefemme.com\/index.php\/wp-json\/wp\/v2\/types\/page"}],"author":[{"embeddable":true,"href":"https:\/\/vanessasimon-sagefemme.com\/index.php\/wp-json\/wp\/v2\/users\/1"}],"replies":[{"embeddable":true,"href":"https:\/\/vanessasimon-sagefemme.com\/index.php\/wp-json\/wp\/v2\/comments?post=229"}],"version-history":[{"count":2,"href":"https:\/\/vanessasimon-sagefemme.com\/index.php\/wp-json\/wp\/v2\/pages\/229\/revisions"}],"predecessor-version":[{"id":506,"href":"https:\/\/vanessasimon-sagefemme.com\/index.php\/wp-json\/wp\/v2\/pages\/229\/revisions\/506"}],"wp:featuredmedia":[{"embeddable":true,"href":"https:\/\/vanessasimon-sagefemme.com\/index.php\/wp-json\/wp\/v2\/media\/253"}],"wp:attachment":[{"href":"https:\/\/vanessasimon-sagefemme.com\/index.php\/wp-json\/wp\/v2\/media?parent=229"}],"curies":[{"name":"wp","href":"https:\/\/api.w.org\/{rel}","templated":true}]}}