{"id":161,"date":"2023-04-18T08:38:20","date_gmt":"2023-04-18T06:38:20","guid":{"rendered":"http:\/\/vanessasimon-sagefemme.com\/?page_id=161"},"modified":"2023-05-10T08:05:27","modified_gmt":"2023-05-10T06:05:27","slug":"la-consultation-pre-conceptionnelle","status":"publish","type":"page","link":"https:\/\/vanessasimon-sagefemme.com\/index.php\/la-consultation-pre-conceptionnelle\/","title":{"rendered":"La consultation pr\u00e9-conceptionnelle"},"content":{"rendered":"\n<p>La consultation avant la grossesse dite \u00ab pr\u00e9conceptionnelle \u00bb a pour but d\u2019informer le couple ou la femme qui souhaite avoir un enfant, de r\u00e9pondre \u00e0 ses questions autours de la maternit\u00e9, de leur expliquer l&#8217;accompagnement et le suivi possible autours de la grossesse.<\/p>\n\n\n\n<p><\/p>\n\n\n\n<p>Se projeter dans un projet de parentalit\u00e9, de maternit\u00e9, est un grand bouleversement dans la vie d&#8217;un couple, d&#8217;une famille, et en parler, poser les interrogations, exprimer doutes ou envies qui s&#8217;y associent permet de se projeter plus sereinement, et peut \u00eatre de d\u00e9marrer celle-ci avec une belle confiance en son corps, son b\u00e9b\u00e9!<\/p>\n\n\n\n<p>C&#8217;est l&#8217;occasion de faire un petit point sur la sant\u00e9 de la future m\u00e8re, et son hygi\u00e8ne de vie: habitudes alimentaires, consommation d&#8217;alcool ou tabagique, et de l&#8217;inviter \u00e0 adopter des modifications pour son bien \u00eatre et celui de son enfant \u00e0 venir.<\/p>\n\n\n\n<p>Lorsque la patiente a d\u00e9ja connu une grossesse compliqu\u00e9e ou a quelques probl\u00e8mes de sant\u00e9, il est bon de refaire le point sur les risques possibles de la grossesse \u00e0 venir, et mettre en place un suivi adapt\u00e9 conjoint avec obst\u00e9tricien.<\/p>\n\n\n\n<p><\/p>\n\n\n\n<p>Planifier une grossesse, c&#8217;est aussi accepter que ce petit \u00eatre avec lequel vous souhaitez partager votre vie choisira le moment qui lui convient pour s&#8217;installer dans votre corps, et parfois ce temps peut \u00eatre long. Si l&#8217;attente devient trop longue ou p\u00e9nible, n&#8217;h\u00e9sitez pas \u00e0 en parler, un accompagnement est possible.<\/p>\n\n\n\n<p><\/p>\n\n\n\n<p>Lors de cette consultation, la sage-femme vous proposera un bilan sanguin \u00e0 la recherche de maladies infectieuses \u00e0 risque pour la grossesse. Ce bilan recommand\u00e9, recherche notamment la rub\u00e9ole, la toxoplasmose, la syphilis, les maladies sexuellement transmissibles, et on peut y ajouter une recherche de carences pour les personnes dont le r\u00e9gime alimentaire est restrictif.<\/p>\n\n\n\n<p>Elle en profitera pour vous donner des recommandations sur les \u00e9l\u00e9ments que vous pouvez surveiller dans votre alimentation au cours de la grossesse, ainsi que des compl\u00e9ments ou conseils naturels qui peuvent vous accompagner \u00e0 mieux vivre les changements corporels \u00e0 venir.<\/p>\n\n\n\n<p>Elle vous proposera aussi une prescription d&#8217;acide folique, ou vitamine B9, recommand\u00e9e en d\u00e9but de grossesse, car elle participe au d\u00e9veloppement du cerveau de l&#8217;enfant.<\/p>\n\n\n\n<p>Par ailleurs, c&#8217;est l&#8217;occasion de pr\u00e9ciser l&#8217;accompagnement que vous souhaiter pour cette grossesse, s&#8217;orienter vers une maternit\u00e9 qui vous correspond, ou peut \u00eatre souhaiter un accompagnement global avec naissance \u00e0 la maison^^<\/p>\n\n\n\n<p><\/p>\n","protected":false},"excerpt":{"rendered":"<p>La consultation avant la grossesse dite \u00ab pr\u00e9conceptionnelle \u00bb a pour but d\u2019informer le couple ou la femme qui souhaite avoir un enfant, de r\u00e9pondre &hellip; <\/p>\n","protected":false},"author":1,"featured_media":250,"parent":0,"menu_order":0,"comment_status":"closed","ping_status":"closed","template":"","meta":{"footnotes":""},"class_list":["post-161","page","type-page","status-publish","has-post-thumbnail","hentry"],"yoast_head":"<!-- This site is optimized with the Yoast SEO plugin v20.9 - https:\/\/yoast.com\/wordpress\/plugins\/seo\/ -->\n<title>La consultation pr\u00e9-conceptionnelle - Vanessa SIMON<\/title>\n<meta name=\"robots\" content=\"index, follow, max-snippet:-1, max-image-preview:large, max-video-preview:-1\" \/>\n<link rel=\"canonical\" href=\"https:\/\/vanessasimon-sagefemme.com\/index.php\/la-consultation-pre-conceptionnelle\/\" \/>\n<meta property=\"og:locale\" content=\"en_US\" \/>\n<meta property=\"og:type\" content=\"article\" \/>\n<meta property=\"og:title\" content=\"La consultation pr\u00e9-conceptionnelle - Vanessa SIMON\" \/>\n<meta property=\"og:description\" content=\"La consultation avant la grossesse dite \u00ab pr\u00e9conceptionnelle \u00bb a pour but d\u2019informer le couple ou la femme qui souhaite avoir un enfant, de r\u00e9pondre &hellip;\" \/>\n<meta property=\"og:url\" content=\"https:\/\/vanessasimon-sagefemme.com\/index.php\/la-consultation-pre-conceptionnelle\/\" \/>\n<meta property=\"og:site_name\" content=\"Vanessa SIMON\" \/>\n<meta property=\"article:modified_time\" content=\"2023-05-10T06:05:27+00:00\" \/>\n<meta property=\"og:image\" content=\"https:\/\/vanessasimon-sagefemme.com\/wp-content\/uploads\/2023\/04\/love-826936_1920-e1682748947184.jpg\" \/>\n\t<meta property=\"og:image:width\" content=\"1920\" \/>\n\t<meta property=\"og:image:height\" content=\"1056\" \/>\n\t<meta property=\"og:image:type\" content=\"image\/jpeg\" \/>\n<meta name=\"twitter:card\" content=\"summary_large_image\" \/>\n<meta name=\"twitter:label1\" content=\"Est. reading time\" \/>\n\t<meta name=\"twitter:data1\" content=\"2 minutes\" \/>\n<script type=\"application\/ld+json\" class=\"yoast-schema-graph\">{\"@context\":\"https:\/\/schema.org\",\"@graph\":[{\"@type\":\"WebPage\",\"@id\":\"https:\/\/vanessasimon-sagefemme.com\/index.php\/la-consultation-pre-conceptionnelle\/\",\"url\":\"https:\/\/vanessasimon-sagefemme.com\/index.php\/la-consultation-pre-conceptionnelle\/\",\"name\":\"La consultation pr\u00e9-conceptionnelle - Vanessa SIMON\",\"isPartOf\":{\"@id\":\"https:\/\/vanessasimon-sagefemme.com\/#website\"},\"datePublished\":\"2023-04-18T06:38:20+00:00\",\"dateModified\":\"2023-05-10T06:05:27+00:00\",\"breadcrumb\":{\"@id\":\"https:\/\/vanessasimon-sagefemme.com\/index.php\/la-consultation-pre-conceptionnelle\/#breadcrumb\"},\"inLanguage\":\"en-US\",\"potentialAction\":[{\"@type\":\"ReadAction\",\"target\":[\"https:\/\/vanessasimon-sagefemme.com\/index.php\/la-consultation-pre-conceptionnelle\/\"]}]},{\"@type\":\"BreadcrumbList\",\"@id\":\"https:\/\/vanessasimon-sagefemme.com\/index.php\/la-consultation-pre-conceptionnelle\/#breadcrumb\",\"itemListElement\":[{\"@type\":\"ListItem\",\"position\":1,\"name\":\"Accueil\",\"item\":\"https:\/\/vanessasimon-sagefemme.com\/\"},{\"@type\":\"ListItem\",\"position\":2,\"name\":\"La consultation pr\u00e9-conceptionnelle\"}]},{\"@type\":\"WebSite\",\"@id\":\"https:\/\/vanessasimon-sagefemme.com\/#website\",\"url\":\"https:\/\/vanessasimon-sagefemme.com\/\",\"name\":\"Vanessa SIMON\",\"description\":\"Sage-Femme\",\"publisher\":{\"@id\":\"https:\/\/vanessasimon-sagefemme.com\/#organization\"},\"potentialAction\":[{\"@type\":\"SearchAction\",\"target\":{\"@type\":\"EntryPoint\",\"urlTemplate\":\"https:\/\/vanessasimon-sagefemme.com\/?s={search_term_string}\"},\"query-input\":\"required name=search_term_string\"}],\"inLanguage\":\"en-US\"},{\"@type\":\"Organization\",\"@id\":\"https:\/\/vanessasimon-sagefemme.com\/#organization\",\"name\":\"Vanessa SIMON\",\"url\":\"https:\/\/vanessasimon-sagefemme.com\/\",\"logo\":{\"@type\":\"ImageObject\",\"inLanguage\":\"en-US\",\"@id\":\"https:\/\/vanessasimon-sagefemme.com\/#\/schema\/logo\/image\/\",\"url\":\"https:\/\/vanessasimon-sagefemme.com\/wp-content\/uploads\/2023\/04\/cropped-cropped-logo-site-internet-2.png\",\"contentUrl\":\"https:\/\/vanessasimon-sagefemme.com\/wp-content\/uploads\/2023\/04\/cropped-cropped-logo-site-internet-2.png\",\"width\":109,\"height\":195,\"caption\":\"Vanessa SIMON\"},\"image\":{\"@id\":\"https:\/\/vanessasimon-sagefemme.com\/#\/schema\/logo\/image\/\"}}]}<\/script>\n<!-- \/ Yoast SEO plugin. -->","yoast_head_json":{"title":"La consultation pr\u00e9-conceptionnelle - Vanessa SIMON","robots":{"index":"index","follow":"follow","max-snippet":"max-snippet:-1","max-image-preview":"max-image-preview:large","max-video-preview":"max-video-preview:-1"},"canonical":"https:\/\/vanessasimon-sagefemme.com\/index.php\/la-consultation-pre-conceptionnelle\/","og_locale":"en_US","og_type":"article","og_title":"La consultation pr\u00e9-conceptionnelle - Vanessa SIMON","og_description":"La consultation avant la grossesse dite \u00ab pr\u00e9conceptionnelle \u00bb a pour but d\u2019informer le couple ou la femme qui souhaite avoir un enfant, de r\u00e9pondre &hellip;","og_url":"https:\/\/vanessasimon-sagefemme.com\/index.php\/la-consultation-pre-conceptionnelle\/","og_site_name":"Vanessa SIMON","article_modified_time":"2023-05-10T06:05:27+00:00","og_image":[{"width":1920,"height":1056,"url":"https:\/\/vanessasimon-sagefemme.com\/wp-content\/uploads\/2023\/04\/love-826936_1920-e1682748947184.jpg","type":"image\/jpeg"}],"twitter_card":"summary_large_image","twitter_misc":{"Est. reading time":"2 minutes"},"schema":{"@context":"https:\/\/schema.org","@graph":[{"@type":"WebPage","@id":"https:\/\/vanessasimon-sagefemme.com\/index.php\/la-consultation-pre-conceptionnelle\/","url":"https:\/\/vanessasimon-sagefemme.com\/index.php\/la-consultation-pre-conceptionnelle\/","name":"La consultation pr\u00e9-conceptionnelle - Vanessa SIMON","isPartOf":{"@id":"https:\/\/vanessasimon-sagefemme.com\/#website"},"datePublished":"2023-04-18T06:38:20+00:00","dateModified":"2023-05-10T06:05:27+00:00","breadcrumb":{"@id":"https:\/\/vanessasimon-sagefemme.com\/index.php\/la-consultation-pre-conceptionnelle\/#breadcrumb"},"inLanguage":"en-US","potentialAction":[{"@type":"ReadAction","target":["https:\/\/vanessasimon-sagefemme.com\/index.php\/la-consultation-pre-conceptionnelle\/"]}]},{"@type":"BreadcrumbList","@id":"https:\/\/vanessasimon-sagefemme.com\/index.php\/la-consultation-pre-conceptionnelle\/#breadcrumb","itemListElement":[{"@type":"ListItem","position":1,"name":"Accueil","item":"https:\/\/vanessasimon-sagefemme.com\/"},{"@type":"ListItem","position":2,"name":"La consultation pr\u00e9-conceptionnelle"}]},{"@type":"WebSite","@id":"https:\/\/vanessasimon-sagefemme.com\/#website","url":"https:\/\/vanessasimon-sagefemme.com\/","name":"Vanessa SIMON","description":"Sage-Femme","publisher":{"@id":"https:\/\/vanessasimon-sagefemme.com\/#organization"},"potentialAction":[{"@type":"SearchAction","target":{"@type":"EntryPoint","urlTemplate":"https:\/\/vanessasimon-sagefemme.com\/?s={search_term_string}"},"query-input":"required name=search_term_string"}],"inLanguage":"en-US"},{"@type":"Organization","@id":"https:\/\/vanessasimon-sagefemme.com\/#organization","name":"Vanessa SIMON","url":"https:\/\/vanessasimon-sagefemme.com\/","logo":{"@type":"ImageObject","inLanguage":"en-US","@id":"https:\/\/vanessasimon-sagefemme.com\/#\/schema\/logo\/image\/","url":"https:\/\/vanessasimon-sagefemme.com\/wp-content\/uploads\/2023\/04\/cropped-cropped-logo-site-internet-2.png","contentUrl":"https:\/\/vanessasimon-sagefemme.com\/wp-content\/uploads\/2023\/04\/cropped-cropped-logo-site-internet-2.png","width":109,"height":195,"caption":"Vanessa SIMON"},"image":{"@id":"https:\/\/vanessasimon-sagefemme.com\/#\/schema\/logo\/image\/"}}]}},"_links":{"self":[{"href":"https:\/\/vanessasimon-sagefemme.com\/index.php\/wp-json\/wp\/v2\/pages\/161","targetHints":{"allow":["GET"]}}],"collection":[{"href":"https:\/\/vanessasimon-sagefemme.com\/index.php\/wp-json\/wp\/v2\/pages"}],"about":[{"href":"https:\/\/vanessasimon-sagefemme.com\/index.php\/wp-json\/wp\/v2\/types\/page"}],"author":[{"embeddable":true,"href":"https:\/\/vanessasimon-sagefemme.com\/index.php\/wp-json\/wp\/v2\/users\/1"}],"replies":[{"embeddable":true,"href":"https:\/\/vanessasimon-sagefemme.com\/index.php\/wp-json\/wp\/v2\/comments?post=161"}],"version-history":[{"count":3,"href":"https:\/\/vanessasimon-sagefemme.com\/index.php\/wp-json\/wp\/v2\/pages\/161\/revisions"}],"predecessor-version":[{"id":319,"href":"https:\/\/vanessasimon-sagefemme.com\/index.php\/wp-json\/wp\/v2\/pages\/161\/revisions\/319"}],"wp:featuredmedia":[{"embeddable":true,"href":"https:\/\/vanessasimon-sagefemme.com\/index.php\/wp-json\/wp\/v2\/media\/250"}],"wp:attachment":[{"href":"https:\/\/vanessasimon-sagefemme.com\/index.php\/wp-json\/wp\/v2\/media?parent=161"}],"curies":[{"name":"wp","href":"https:\/\/api.w.org\/{rel}","templated":true}]}}